22880.
2, 3, 5, 19001
List the prime factors of 31862559.
3, 10620853
What are the prime factors of 85264552?
2, 19, 97, 5783
What are the prime factors of 1933811245?
5, 73, 1193, 4441
What are the prime factors of 909511614?
2, 3, 11, 1069, 4297
List the prime factors of 228113332.
2, 57028333
List the prime factors of 72465611.
17, 4262683
What are the prime factors of 2122326313?
47, 45155879
List the prime factors of 33398012.
2, 47, 59, 3011
List the prime factors of 164759276.
2, 11, 691, 5419
List the prime factors of 52775141.
19, 911, 3049
List the prime factors of 111071933.
7, 15867419
List the prime factors of 126599462.
2, 11, 157, 36653
What are the prime factors of 3728123266?
2, 7, 19, 14015501
List the prime factors of 362698506.
2, 3, 6716639
What are the prime factors of 20627020?
2, 5, 113, 9127
List the prime factors of 3223272646.
2, 11, 41, 3573473
What are the prime factors of 55732796?
2, 7, 181, 1571
List the prime factors of 350729921.
23, 277, 55051
What are the prime factors of 57444986?
2, 263, 109211
What are the prime factors of 27823222?
2, 7, 1987373
List the prime factors of 3679818316.
2, 919954579
What are the prime factors of 183803931?
3, 1693, 4021
List the prime factors of 340713574.
2, 53, 3214279
What are the prime factors of 1485030192?
2, 3, 229, 135101
List the prime factors of 209118107.
11, 2837, 6701
List the prime factors of 567860457.
3, 189286819
List the prime factors of 39817952.
2, 311, 4001
List the prime factors of 135124930.
2, 5, 41, 67, 4919
List the prime factors of 690904162.
2, 13, 26573237
What are the prime factors of 17947887?
3, 1283, 4663
What are the prime factors of 229230125?
5, 17, 107873
List the prime factors of 11102644.
2, 7, 396523
List the prime factors of 67015881.
3, 61, 122069
What are the prime factors of 15016902?
2, 3, 431, 5807
List the prime factors of 2560562547.
3, 389, 797, 2753
List the prime factors of 71864913.
3, 31, 337, 2293
List the prime factors of 23280452.
2, 13, 447701
What are the prime factors of 132043486?
2, 66021743
What are the prime factors of 137660678?
2, 109, 631471
What are the prime factors of 10383946?
2, 31, 167483
List the prime factors of 29613898.
2, 17, 870997
What are the prime factors of 1490505527?
7, 212929361
List the prime factors of 3742197277.
7, 13, 5874721
What are the prime factors of 2275348227?
3, 197, 3849997
List the prime factors of 606385003.
7, 3257, 26597
What are the prime factors of 2681920209?
3, 73, 12246211
List the prime factors of 1484629160.
2, 5, 7, 5302247
What are the prime factors of 4551771829?
11, 23, 1635563
List the prime factors of 871782918.
2, 3, 41, 197, 17989
What are the prime factors of 4909300008?
2, 3, 37, 61, 90631
What are the prime factors of 545187421?
31, 17586691
What are the prime factors of 97089946?
2, 23, 379, 5569
List the prime factors of 3133779105.
3, 5, 208918607
List the prime factors of 1762330478.
2, 193, 4565623
What are the prime factors of 51625231?
7, 2633, 2801
What are the prime factors of 603330989?
603330989
List the prime factors of 4771191047.
7, 23, 173, 171299
What are the prime factors of 1309773142?
2, 12601, 51971
What are the prime factors of 319648068?
2, 3, 31, 43, 6661
List the prime factors of 58573594.
2, 23, 73, 17443
List the prime factors of 17590355.
5, 37, 95083
List the prime factors of 2007363129.
3, 19, 1129, 31193
List the prime factors of 110288031.
3, 7, 359, 14629
What are the prime factors of 44792374?
2, 11, 2036017
List the prime factors of 3792242915.
5, 758448583
What are the prime factors of 56767760?
2, 5, 7, 17, 67, 89
List the prime factors of 4009859382.
2, 3, 23321, 28657
List the prime factors of 732670284.
2, 3, 17, 937, 3833
List the prime factors of 201113049.
3, 67037683
List the prime factors of 369456237.
3, 47, 873419
What are the prime factors of 180461778?
2, 3, 7, 4296709
List the prime factors of 364102473.
3, 7, 61, 284233
List the prime factors of 60177642.
2, 3, 7, 1432801
List the prime factors of 2131300530.
2, 3, 5, 31, 763907
What are the prime factors of 66009930?
2, 3, 5, 7, 61, 5153
List the prime factors of 25200228.
2, 3, 53, 39623
List the prime factors of 62644358.
2, 7, 1873, 2389
List the prime factors of 127179330.
2, 3, 5, 53, 79987
List the prime factors of 4307053528.
2, 13907, 38713
What are the prime factors of 50072046?
2, 3, 149, 56009
What are the prime factors of 218056365?
3, 5, 17, 29, 9829
What are the prime factors of 25110785?
5, 7, 17, 6029
What are the prime factors of 38236728?
2, 3, 1593197
List the prime factors of 946201884.
2, 3, 113, 431, 1619
List the prime factors of 1481360120.
2, 5, 37, 1000919
What are the prime factors of 905872524?
2, 3, 97, 778241
What are the prime factors of 2474501993?
19, 1597, 81551
What are the prime factors of 119755678?
2, 7, 313, 27329
List the prime factors of 54461059.
54461059
What are the prime factors of 1440915060?
2, 3, 5, 13, 1847327
What are the prime factors of 20256101?
3041, 6661
What are the prime factors of 90310690?
2, 5, 9031069
List the prime factors of 922964725.
5, 36918589
What are the prime factors of 2028547392?
2, 3, 2237, 4723
List the prime factors of 635219216.
2, 39701201
List the prime factors of 3152548029.
3, 1050849343
List the prime factors of 75193955.
5, 29, 518579
List the prime factors of 92333591.
7, 1884359
What are the prime factors of 2206342976?
2, 479, 71971
What are the prime factors of 2824293493?
7, 403470499
What are the prime factors of 44694250?
2, 5, 31, 73, 79
What are the prime factors of 280184943?
3, 521, 179261
List the prime factors of 28842188.
2, 41, 71, 2477
What are the prime factors of 294510747?
3, 29, 3385181
List the prime factors of 1973536295.
5, 97, 1667, 2441
What are the prime factors of 81010032?
2, 3, 17, 99277
List the prime factors of 5397371515.
5, 19, 56814437
List the prime factors of 696534653.
2521, 276293
What are the prime factors of 492707801?
577, 853913
What are the prime factors of 116534914?
2, 58267457
List the prime factors of 120188395.
5, 19, 31, 37, 1103
What are the prime factors of 296686588?
2, 11, 29, 232513
What are the prime factors of 819731343?
3, 273243781
What are the prime factors of 47214754?
2, 23607377
List the prime factors of 85853129.
71, 1209199
What are the prime factors of 2007093932?
2, 501773483
List the prime factors of 69459996.
2, 3, 1361, 4253
List the prime factors of 140774341.
523, 269167
What are the prime factors of 6019637595?
3, 5, 2621, 153113
List the prime factors of 1376191894.
2, 7, 11, 8936311
What are the prime factors of 788770122?
2, 3, 7, 18780241
What are the prime factors of 1512321188?
2, 7, 19, 353, 8053
What are the prime factors of 108413439?
3, 36137813
What are the prime factors of 2717506214?
2, 16063, 84589
What are the prime factors of 1847587922?
2, 923793961
List the prime factors of 241145502.
2, 3, 13, 37, 83557
List the prime factors of 1739247327.
3, 19, 23, 163, 2713
List the prime factors of 1476724425.
3, 5, 11, 53, 33773
What are the prime factors of 264403827?
3, 5281, 5563
What are the prime factors of 134871095?
5, 26974219
List the prime factors of 395561688.
2, 3, 1091, 15107
List the prime factors of 36338432.
2, 13, 61, 179
List the prime factors of 1444658134.
2, 4703, 153589
What are the prime factors of 889432651?
889432651
What are the prime factors of 196128832?
2, 53, 67, 863
List the prime factors of 21387218.
2, 10693609
What are the prime factors of 2640339333?
3, 139, 1093, 1931
What are the prime factors of 143481804?
2, 3, 1787, 6691
List the prime factors of 138258947.
138258947
What are the prime factors of 131504128?
2, 7, 9173
List the prime factors of 245388407.
11, 3571, 6247
What are the prime factors of 658804300?
2, 5, 7, 11, 67, 1277
List the prime factors of 120056177.
1669, 71933
List the prime factors of 2335740618.
2, 3, 1697, 229399
List the prime factors of 762539957.
762539957
What are the prime factors of 6019335906?
2, 3, 31, 32362021
What are the prime factors of 592336458?
2, 3, 7, 151, 163, 191
What are the prime factors of 591299881?
313, 349, 5413
What are the prime factors of 45751877?
31, 127, 11621
What are the prime factors of 1683960240?